{"id":82702,"date":"2024-08-08T14:27:04","date_gmt":"2024-08-08T17:27:04","guid":{"rendered":"https:\/\/iterdigital.com.br\/bul\/?page_id=82702"},"modified":"2026-01-14T16:01:17","modified_gmt":"2026-01-14T19:01:17","slug":"guia-para-cavalete","status":"publish","type":"page","link":"https:\/\/www.bulletmoto.com\/index.php\/es\/guia-para-cavalete\/","title":{"rendered":"Soporte para caballete"},"content":{"rendered":"<div id=\"wp-block-themeisle-blocks-advanced-columns-52abf1cb\" class=\"wp-block-themeisle-blocks-advanced-columns has-1-columns has-desktop-equal-layout has-tablet-equal-layout has-mobile-equal-layout has-vertical-unset\"><div class=\"wp-block-themeisle-blocks-advanced-columns-overlay\"><\/div><div class=\"innerblocks-wrap\"><div id=\"wp-block-themeisle-blocks-advanced-column-693023cb\" class=\"wp-block-themeisle-blocks-advanced-column\"><div class=\"wp-block-image\"><figure class=\"aligncenter size-large\"><img loading=\"lazy\" decoding=\"async\" width=\"1024\" height=\"619\" src=\"https:\/\/www.bulletmoto.com\/wp-content\/uploads\/2024\/07\/sem-titulo-2-1170x707-1-1024x619.jpg\" alt=\"\" class=\"wp-image-82339\"\/><\/figure><\/div><\/div><\/div><\/div><div id=\"wp-block-themeisle-blocks-advanced-columns-ae941713\" class=\"wp-block-themeisle-blocks-advanced-columns has-1-columns has-desktop-equal-layout has-tablet-equal-layout has-mobile-equal-layout has-vertical-unset\"><div class=\"wp-block-themeisle-blocks-advanced-columns-overlay\"><\/div><div class=\"innerblocks-wrap\"><div id=\"wp-block-themeisle-blocks-advanced-column-7d1656a2\" class=\"wp-block-themeisle-blocks-advanced-column\"><div style=\"height:73px\" aria-hidden=\"true\" class=\"wp-block-spacer\"><\/div>\n\n<h2 class=\"wp-block-heading has-text-align-center\">Soporte para caballete<\/h2>\n\n<div class=\"wp-block-buttons is-content-justification-center is-layout-flex wp-container-core-buttons-is-layout-16018d1d wp-block-buttons-is-layout-flex\"><div class=\"wp-block-button\"><a class=\"wp-block-button__link wp-element-button\" href=\"https:\/\/www.bulletmoto.com\/index.php\/es\/contacto\/\">COMPRAR<\/a><\/div><\/div>\n\n<div style=\"height:73px\" aria-hidden=\"true\" class=\"wp-block-spacer\"><\/div>\n\n<p>Los sportes para cabellet Bullet se fijan al brazo basculante de la motocicleta mediante tornillos de acero inoxidable. Este sistema sirve como punto de enganche del caballete trasero y adem\u00e1s, en algunos casos de ca\u00eddas, act\u00faa como sistema deslizante evitando que el brazo basculante toque el suelo.<\/p>\n\n<p><strong>Modelo disponible<\/strong><\/p>\n\n<div class=\"wp-block-image\"><figure class=\"alignleft\"><img decoding=\"async\" src=\"https:\/\/www.bulletmoto.com\/Imagens\/2011\/10\/sem-t%C3%ADtulo-9-150x150.jpg\" alt=\"\" class=\"wp-image-1478\"\/><\/figure><\/div>\n\n<p><strong>SBK M6 M8 o M10 \u2013 300.00BRL<\/strong><\/p>\n\n<p>La base de aluminio es extra\u00edble, lo que permite instalarla de dos formas seg\u00fan la preferencia del piloto.<\/p>\n\n<p>Para su instalaci\u00f3n, la moto debe disponer de un punto en el BRAZO basculante para fijar el sistema. Ponemos a disposici\u00f3n el producto en versiones con tornillos M6, M8 o M10 a especificar seg\u00fan el modelo y a\u00f1o de la moto.<\/p>\n\n<div style=\"height:103px\" aria-hidden=\"true\" class=\"wp-block-spacer\"><\/div><\/div><\/div><\/div>","protected":false},"excerpt":{"rendered":"","protected":false},"author":3,"featured_media":0,"parent":0,"menu_order":0,"comment_status":"closed","ping_status":"closed","template":"","meta":{"neve_meta_sidebar":"","neve_meta_container":"","neve_meta_enable_content_width":"","neve_meta_content_width":0,"neve_meta_title_alignment":"","neve_meta_author_avatar":"","neve_post_elements_order":"","neve_meta_disable_header":"","neve_meta_disable_footer":"","neve_meta_disable_title":"","_themeisle_gutenberg_block_has_review":false,"footnotes":""},"class_list":["post-82702","page","type-page","status-publish","hentry"],"_links":{"self":[{"href":"https:\/\/www.bulletmoto.com\/index.php\/wp-json\/wp\/v2\/pages\/82702","targetHints":{"allow":["GET"]}}],"collection":[{"href":"https:\/\/www.bulletmoto.com\/index.php\/wp-json\/wp\/v2\/pages"}],"about":[{"href":"https:\/\/www.bulletmoto.com\/index.php\/wp-json\/wp\/v2\/types\/page"}],"author":[{"embeddable":true,"href":"https:\/\/www.bulletmoto.com\/index.php\/wp-json\/wp\/v2\/users\/3"}],"replies":[{"embeddable":true,"href":"https:\/\/www.bulletmoto.com\/index.php\/wp-json\/wp\/v2\/comments?post=82702"}],"version-history":[{"count":4,"href":"https:\/\/www.bulletmoto.com\/index.php\/wp-json\/wp\/v2\/pages\/82702\/revisions"}],"predecessor-version":[{"id":84501,"href":"https:\/\/www.bulletmoto.com\/index.php\/wp-json\/wp\/v2\/pages\/82702\/revisions\/84501"}],"wp:attachment":[{"href":"https:\/\/www.bulletmoto.com\/index.php\/wp-json\/wp\/v2\/media?parent=82702"}],"curies":[{"name":"wp","href":"https:\/\/api.w.org\/{rel}","templated":true}]}}